e l(-4).
137
Let v(p) = -1060*p + 2901. What is v(4)?
-1339
Let s(t) = -4*t**3 + 143*t**2 - 1115*t + 4695. Calculate s(27).
105
Let n(u) = -2*u**3 + 26*u**2 + 3577*u - 10910. Determine n(3).
1
Let x(o) = 83084*o - 1080146. What is x(13)?
-54
Let g(v) = 94*v**2 - 174*v - 168. What is g(-1)?
100
Let q(i) = -1857*i + 3673. What is q(2)?
-41
Let h(m) = -3819*m - 25131. What is h(-7)?
1602
Let g(m) = 2*m**3 + 32*m**2 - 351*m - 177. Calculate g(8).
87
Let c(s) = s**3 + s**2 - 154*s + 507. Give c(4).
-29
Let b(z) = -465*z - 4426. Give b(-10).
224
Let v(z) = z**3 - 2*z**2 + 808*z - 1612. Determine v(2).
4
Let x(v) = 118207*v - 2364162. What is x(20)?
-22
Let u(n) = -14*n**3 - 160*n**2 + 80*n - 179. Determine u(-12).
13
Let y(m) = m**2 + 297*m - 1195. What is y(-307)?
1875
Let p(r) = -3*r**3 + 227*r**2 + 2828*r - 3931. Give p(-12).
5
Let x(r) = -r**3 - 17*r**2 - 1140*r - 11829. Calculate x(-11).
-15
Let k(p) = -1805*p - 4003484. Calculate k(-2218).
6
Let a(j) = -172*j**2 + 6052*j - 6951. Calculate a(34).
-15
Let z(a) = -44*a**2 + 834*a + 38. Determine z(19).
0
Let h(j) = 6*j**3 - 345*j**2 - 192*j + 54. Calculate h(58).
-990
Let w(f) = 2094*f - 268032. What is w(128)?
0
Let t(v) = -2*v**2 - 53874*v + 107740. Give t(2).
-16
Let s(n) = -5159*n + 118728. What is s(23)?
71
Let u(r) = r**3 - 2*r**2 + 131*r - 3622. Calculate u(13).
-60
Let p(n) = -n**3 + 443*n**2 - 966*n + 37001. Determine p(441).
-43
Let n(v) = -v**2 + 2359*v + 192779. Give n(-79).
177
Let r(j) = -462*j**3 - 4*j**2 + 302*j + 303. Calculate r(-1).
459
Let u(r) = r**3 - 616*r**2 + 128*r - 842981. What is u(618)?
-29
Let s(p) = -p**2 + 44779*p - 313407. Calculate s(7).
-3
Let h(i) = i**2 - 161*i + 6406. Calculate h(70).
36
Let r(l) = l**2 + 48*l - 22262. Give r(-175).
-37
Let h(t) = -320*t + 20555. Determine h(64).
75
Let d(t) = 67*t - 163. Give d(3).
38
Let y(v) = v**3 - 615*v**2 + 5514*v - 2628538. Calculate y(613).
6
Let w(f) = 565*f**2 - 2968*f + 766. Calculate w(5).
51
Let y(p) = -17*p**2 + 488*p - 63. Calculate y(27).
720
Let n(t) = -5*t**2 - 1740*t - 94182. What is n(-281)?
-47
Let m(h) = -3*h**3 - 137*h**2 + 1001*h + 407. Give m(-52).
-269
Let p(l) = -109357*l - 2405891. What is p(-22)?
-37
Let r(x) = 411*x + 82959. Determine r(-202).
-63
Let o(w) = 584603*w - 15. Calculate o(0).
-15
Let a(j) = 27281*j + 1882392. Give a(-69).
3
Let z(u) = -u**3 + 2*u**2 + 65040*u - 260129. Calculate z(4).
-1
Let p(z) = 20460*z + 122755. Determine p(-6).
-5
Let a(f) = -66*f + 4667. Give a(36).
2291
Let c(x) = 34*x**2 + 14384*x + 789. What is c(-423)?
-57
Let x(u) = 1181*u**2 - 146446*u + 204. Give x(124).
-44
Let v(u) = 2117*u + 12582. Determine v(-6).
-120
Let x(z) = 3*z**2 + 193*z + 585. What is x(-61)?
-25
Let s(l) = -l**2 + 177*l - 8309. What is s(81)?
-533
Let d(v) = v**3 + 209*v**2 + 446*v + 8615. Give d(-207).
1991
Let k(n) = n**3 + 4*n**2 - 91*n - 177. Determine k(-11).
-23
Let r(i) = -8*i**2 + 148*i + 153. What is r(19)?
77
Let l(o) = o**3 - 76*o**2 + 170*o - 39226. Determine l(80).
-26
Let z(n) = 12*n**2 + 423*n - 214. Calculate z(-36).
110
Let w(p) = 3*p**2 - 71*p - 2934. What is w(-22)?
80
Let y(t) = t**3 + 145*t**2 + 1954*t + 210. Calculate y(-130).
-310
Let t(k) = -1639*k + 1393148. What is t(850)?
-2
Let z(q) = 3*q**2 - 155*q + 1424. Calculate z(12).
-4
Let d(a) = -a**3 + 282*a**2 + 559*a + 2433. Calculate d(284).
-123
Let h(r) = r**3 - 56*r**2 - 161*r + 2569. Give h(58).
-41
Let j(z) = 6216*z - 2679099. Determine j(431).
-3
Let s(m) = -2415*m + 2409. Give s(1).
-6
Let z(k) = -245*k - 2512. Calculate z(-17).
1653
Let k(i) = 3*i**3 - 238*i**2 + 783*i - 1748. Determine k(76).
0
Let b(j) = 22*j**2 + 253*j + 107. What is b(-11)?
-14
Let i(v) = -241*v**3 - 251*v**2 - 396*v - 146. Determine i(-1).
240
Let h(d) = d**2 - 191*d + 6917. What is h(144)?
149
Let s(c) = 1249*c + 69219. What is s(-55)?
524
Let x(d) = -237628*d - 8792229. What is x(-37)?
7
Let d(z) = 766*z + 13406. Calculate d(-18).
-382
Let t(w) = 16*w**2 + 74573*w + 149140. Calculate t(-2).
58
Let u(n) = -8790*n + 738355. Calculate u(84).
-5
Let z(r) = 100690*r + 2114491. Give z(-21).
1
Let g(n) = -7*n**2 + 298*n - 1764. What is g(7)?
-21
Let m(p) = -2520*p - 42842. Determine m(-17).
-2
Let k(i) = 55*i**2 - 4509*i + 12952. Calculate k(79).
-4
Let v(f) = 240*f - 18043. Calculate v(75).
-43
Let w(x) = 245*x**2 + 1936*x - 27. What is w(-8)?
165
Let h(o) = -17223*o + 21701008. Determine h(1260).
28
Let y(g) = g**3 + 208*g**2 + 298*g - 24716. Give y(-206).
-1232
Let p(b) = -b**3 - 26*b**2 - 182*b - 950. What is p(-18)?
-266
Let m(d) = -d**2 - 255071*d + 1275384. What is m(5)?
4
Let d(c) = -3*c**3 - 58*c**2 + 4*c - 5. Give d(-17).
-2096
Let s(f) = -13112*f - 222900. Determine s(-17).
4
Let j(g) = -48*g**2 - 773*g - 2139. What is j(-13)?
-202
Let w(i) = -48*i**2 + 2783*i + 21899. What is w(65)?
-6
Let s(o) = -85761*o - 343041. Calculate s(-4).
3
Let t(d) = -d**2 - 98*d + 13475. Give t(74).
747
Let s(c) = c**2 - 16*c - 3335. What is s(92)?
3657
Let p(m) = -5060*m - 445273. What is p(-88)?
7
Let h(b) = 285*b**2 + 2545*b - 9. What is h(-9)?
171
Let p(n) = 32*n**3 + 7*n**2 - 23*n - 109. Calculate p(-4).
-1953
Let m(h) = 2*h**3 + 6*h**2 - 142*h + 169. Calculate m(0).
169
Let x(j) = 2327*j + 763268. Calculate x(-328).
12
Let y(b) = -6*b**3 - 193*b**2 - 199*b + 592. Determine y(-31).
34
Let s(n) = 588*n - 14438. Determine s(25).
262
Let l(t) = -128*t + 1645. Determine l(19).
-787
Let z(w) = -w**3 + 38*w**2 + 1829*w - 68483. What is z(36)?
-47
Let p(z) = -3*z**2 - 213*z - 959. Calculate p(-66).
31
Let a(c) = -3489*c**2 + 10391*c + 227. Give a(3).
-1
Let b(m) = -260*m + 7519. What is b(28)?
239
Let n(h) = -5*h**3 - 101*h**2 + 1039*h + 21907. Determine n(-19).
0
Let y(i) = -13*i**2 + 1064*i - 868. What is y(81)?
23
Let q(g) = 8304*g - 2449698. Give q(295).
-18
Let z(h) = 2*h**2 - 67*h + 977. Give z(14).
431
Let f(v) = 28*v - 3837. What is f(132)?
-141
Let f(p) = -3*p**2 - 470*p + 7353. Give f(-171).
0
Let d(x) = x**3 + 40*x**2 + 175*x - 932. Determine d(-34).
54
Let n(r) = 5*r**2 + 564*r + 1095. Give n(-2).
-13
Let m(y) = -1178*y - 116553. Give m(-99).
69
Let r(g) = g**3 - 65*g**2 + 377*g - 29236. What is r(66)?
2
Let t(n) = 25343*n + 304230. Give t(-12).
114
Let h(v) = 4325*v - 2893432. Determine h(669).
-7
Let f(s) = 22*s**3 - 3390*s**2 + 308*s - 5. What is f(154)?
-5
Let h(b) = b**2 - 6237*b + 49782. Give h(8).
-50
Let t(z) = -338*z - 2551. Calculate t(-5).
-861
Let c(x) = -352*x**2 - 5253*x + 405. Determine c(-15).
0
Let a(i) = -2326*i + 153499. Determine a(66).
-17
Let n(q) = 3*q**2 + 3874*q + 136789. Give n(-1255).
-6
Let y(p) = -p**3 + 98*p**2 + 2240*p - 129. Determine y(117).
1860
Let m(q) = 21*q**2 - 448*q + 2777. Determine m(6).
845
Let t(s) = -6*s**2 + 11*s + 206. Calculate t(-8).
-266
Let k(i) = 7*i**2 - 2611*i - 90665. Determine k(-32).
55
Let a(m) = -2*m**2 - 303*m - 3016. Determine a(-10).
-186
Let h(s) = s**3 - 40*s**2 - 325*s - 15. Calculate h(-7).
-43
Let u(n) = -n**3 + 50*n**2 + 113*n + 145. Determine u(52).
613
Let m(l) = 4*l**3 - 119*l**2 - 2280*l - 6. Give m(43).
-49
Let w(j) = -318*j - 63853. Calculate w(-202).
383
Let q(h) = -9*h**2 - 15303*h + 30608. Give q(2).
-34
Let l(f) = -f**2 - 340*f - 19016. Determine l(-71).
83
Let s(c) = -52087*c + 208213. Give s(4).
-135
Let c(f) = -3*f**3 - 1532*f**2 - 1125*f - 53542. Calculate c(-510).
8
Let z(u) = 1117*u**2 + 131806*u - 6. Calculate z(-118).
-6
Let s(d) = -4163*d + 187335. Calculate s(45).
0
Let s(w) = -w**2 + 9276*w - 74147. What is s(8)?
-3
Let m(u) = u**2 + 112*u + 2666. Calculate m(-80).
106
Let m(r) = 126*r + 8430. Give m(-67).
-12
Let j(v) = v**3 - 29*v**2 - 202*v + 3315. Calculate j(32).
-77
Let y(s) = 2*s**3 - 101*s**2 - 387*s + 11893. Calculate y(52).
-119
Let b(s) = -18*s**2 + 169*s - 351. What is b(7)?
-50
Let j(t) = -t**3 + 1914*t**2 - 669844*t + 5068. What is j(461)?
-3
Let m(w) = 134*w - 6460. Give m(49).
106
Let d(z) = 13*z**3 - 561*z**2 + 102*z - 690. Calculate d(43).
-2
Let h(x) = -8098*x + 80503. Give h(10).
-477
Let y(b) = -8*b**2 + 6179*b + 856676. Give y(-120).
-4
Let h(k) = -k**3 + 711*k**2 + 17642*k - 7. Determine h(-24).
-55
Let v(y) = 223*y + 28827. Determine v(-129).
60
Let n(b) = 445*b - 11705. Give n(27).
310
Let c(k) = -k**3 - 43*k**2 - 184*k + 167